emainder when 1/(p/(-237) - -3) is divided by r?
19
Let x = 66 + 28. Let p(o) = 11*o**3 + 3*o**2 - 3*o + 2. Let y be p(2). Calculate the remainder when x is divided by (-1)/(-2*3/y).
14
Suppose -5*h + 25 + 10 = 0. What is the remainder when ((-15)/(-2))/((-28)/(-16) + -1) is divided by h?
3
Let w(v) = -3*v + 8. Let t = 85 - 92. What is the remainder when w(t) is divided by 10?
9
Suppose b - 3 = -0, 0 = 2*v - 4*b + 14. Let q be 45 + 1 - v - -3. Calculate the remainder when 46 is divided by 5/(-10) - q/(-4).
10
Suppose -2052 = -55*g + 4658. Calculate the remainder when g is divided by 5.
2
Let d = 251 + -170. Let q(i) = 2*i**2 + 6*i - 66. What is the remainder when d is divided by q(5)?
11
Calculate the remainder when 172 is divided by 26*1/1 + 10.
28
Suppose 2*a + 3*d - 36 = -0*a, -3*d = -2*a + 24. Calculate the remainder when a is divided by 11.
4
Let m(d) = -99*d - 26. Calculate the remainder when m(-3) is divided by 11.
7
Let w(g) = -g**2 + 9*g - 10. Suppose 2*v = 88 - 38. Calculate the remainder when v is divided by w(5).
5
Suppose 24*p - 90 = 19*p. Calculate the remainder when 72 is divided by p.
0
Let y = -1 - 14. Let z be (54 - 56)*(-1)/(2/3). What is the remainder when 8*z/y*-25 is divided by 14?
12
Suppose -f = 4*f - 5, 5*q = -3*f - 322. Let b = q - -91. Calculate the remainder when 101 is divided by b.
23
Let c(a) = -a**3 - 4*a**2 - 13*a - 13. Calculate the remainder when c(-4) is divided by 0 + (-1 - (-13 - -2)).
9
Let y = 814 - 774. What is the remainder when 202 is divided by y?
2
Let y = 170 + -71. Let i = -44 + y. What is the remainder when i is divided by 231/12 + 2/(-8)?
17
Suppose -4*g - 7*g + 187 = 0. What is the remainder when 406 is divided by g?
15
Let u(b) = b - 8. Let w be u(2). What is the remainder when 25 is divided by (-86)/w - 5/15?
11
Let q(o) = 4*o + 1. Let w = -2 - -3. Let b = -296 - -304. What is the remainder when b is divided by q(w)?
3
Calculate the remainder when 1 + (-10)/4 + (-21641)/(-134) is divided by 142.
18
What is the remainder when 6/(-4)*(-2 + 3080/(-30)) is divided by 67?
23
Suppose 0 = k - 2*c - 6, -k + 0*c + 3*c + 7 = 0. Suppose -k*b + 4*s = -2*b - 128, 0 = 5*b + 4*s - 250. What is the remainder when b is divided by 19?
16
Suppose -2*b + 50 = 4*t - 12, 4*b + 4*t = 116. Suppose l = 5*s - 401, -s = -5*s - 2*l + 318. Calculate the remainder when s is divided by b.
26
Let x(n) = 2*n**3 - 7*n**2 + 6*n. Suppose -49*d + 52*d - 351 = 0. Calculate the remainder when d is divided by x(4).
37
Let j(h) = 34*h - 45. Calculate the remainder when 160 is divided by j(2).
22
Let r(f) = f**3 - 18*f**2 + 18*f + 176. What is the remainder when r(17) is divided by 15?
13
Let v(w) = 5*w + 39. Calculate the remainder when v(13) is divided by 10.
4
Let w = 643 - 604. Calculate the remainder when w is divided by 24.
15
Let n be (-138)/(-9) + 2/(-6). Suppose 0 = -5*y + n, -2*t - 18 + 65 = 5*y. What is the remainder when 62*3/(-6)*-1 is divided by t?
15
Suppose 3*c = -2*f - 2, f - 3*c - 3 = 5. Let v be (f - 3)*-11 + -2. Suppose 5*n = v*n - 124. Calculate the remainder when n is divided by 17.
14
Let b be 96/432 + (0 - (-130)/(-18)). Let z(l) = -l**3 - 6*l**2 + 8*l + 10. What is the remainder when 21 is divided by z(b)?
0
Let a = -13 + 14. Suppose 4*l + 5*t - 3 = 50, -3*t = -3*l + 6. What is the remainder when l is divided by 2*a/(-2)*-3?
1
Let j(u) = 7*u + 124. Calculate the remainder when 93 is divided by j(-15).
17
Let o(s) = 3*s + 5. Let b(d) = -d**2 + 20*d - 33. Calculate the remainder when b(5) is divided by o(4).
8
Suppose 0 = -5*h - 26 + 91. Let x(z) = 4*z**2 - 7*z + 78. Calculate the remainder when x(4) is divided by h.
10
Suppose 3*n = -5*r + 76, -5*n + 8 = r + 6. What is the remainder when r is divided by 5?
2
Let t = 73 + -66. Calculate the remainder when 390 is divided by t.
5
Suppose 0 = -14*v + 25*v - 66. Let j(x) = 3*x**2 + 16*x - 48. What is the remainder when j(v) is divided by 53?
50
Suppose -25*t - 19 + 369 = 0. What is the remainder when 488 is divided by t?
12
Let f = -31 + 33. Suppose -f*p + 6*p - 298 = 2*i, 3*p - 2*i = 225. What is the remainder when p is divided by 19?
16
Suppose -646*g = -621*g - 27800. What is the remainder when g is divided by 21?
20
Let m = 345 + -232. Let c = m - 67. Calculate the remainder when c is divided by 10.
6
Let n = -31 - -65. Suppose -4*v = 0, -34 = -4*w - 3*v + n. What is the remainder when w is divided by 10?
7
Suppose 202 - 767 = -5*c + 5*m, 0 = -c + 4*m + 113. Suppose -34 = 4*u - 42. Suppose -131 = -u*w - 73. What is the remainder when c is divided by w?
26
Calculate the remainder when ((16/(-56))/1)/(1/(-119)) is divided by 17.
0
Let j be (2/4)/((-1)/(-22)). Let m(d) = d**3 + d**2 - 3*d + 49. Let n be m(0). Let u = n - j. What is the remainder when u is divided by 10?
8
Suppose p - 9 = -4. Suppose -22 = p*r - 62. Calculate the remainder when 21 is divided by r.
5
Suppose -5*h = 4*m - 59, 2*h + 33*m = 37*m + 18. What is the remainder when 207 is divided by h?
9
Let g = -654 - -665. What is the remainder when g is divided by 3?
2
Let s = 4 - 2. Suppose -3*z - x = -6*x + 32, 0 = -4*z - s*x - 34. Let r(c) = c**3 + 9*c**2 - 2*c - 6. Calculate the remainder when 47 is divided by r(z).
11
Let h = 266 - 55. Calculate the remainder when h is divided by 43.
39
Suppose 871*l - 881*l + 280 = 0. Let h be (-4 - -2)*159/6. Calculate the remainder when (-8)/2*h/4 is divided by l.
25
Let u = -83 + 141. Suppose -5*o + u = -7. Calculate the remainder when 21 is divided by o.
8
Suppose 5*u + 8 = 6*u. Calculate the remainder when 30 is divided by u.
6
Suppose s + g = 48, 2*s - 3*g - 218 = -122. What is the remainder when s is divided by 7?
6
Let u = -117 - -251. Suppose -42*y = -40*y - u. What is the remainder when y is divided by 7?
4
Let h = 44 + -15. Suppose 2*v = -2*c + 3*v + h, 68 = 4*c - 4*v. Calculate the remainder when 31 is divided by 52/6 - 8/c.
7
Calculate the remainder when (-40)/8 + 1 - 146/(-2) is divided by 4.
1
Let k = -799 + 908. Calculate the remainder when k is divided by 39.
31
Suppose -38*j - 8 = -34*j, 3*b = -4*j + 61. What is the remainder when b is divided by ((-13)/(-3))/(2/6)?
10
Let m = 84 - 47. Calculate the remainder when (-2)/(-15) - 2173/(-15) is divided by m.
34
Let w(b) = b**3 - 2*b**2 + 7*b - 4. What is the remainder when w(5) is divided by 50?
6
Suppose -2 = -y + 3*f, y - 2*f - 26 = -19. Let r(l) = -28*l. What is the remainder when r(-1) is divided by y?
11
Suppose -6 = -22*g + 24*g. Let a(i) = i**3 + 3*i**2 - 6*i - 8. What is the remainder when 28 is divided by a(g)?
8
Suppose 0 = -2*c - 28*q + 24*q + 132, -24 = -6*q. Calculate the remainder when c is divided by 32.
26
Let n(z) = 14*z**2 + 3*z - 11. Calculate the remainder when n(2) is divided by 19.
13
Suppose -4*t + 126 = -2*r, -2*r + 0*r - 24 = -t. Suppose 5*v - 240 + 15 = 0. Suppose v = 3*u + 2*u. Calculate the remainder when t is divided by u.
7
Suppose -2*r + 124 = 5*n, -r + 4*r - 186 = -3*n. What is the remainder when r is divided by 11?
7
Suppose 5*p - 454 = 3*z, 5*p - p + 4*z = 376. Let d(l) = 49*l**3 - l**2 - l + 1. Calculate the remainder when p is divided by d(1).
44
Let q = 41 + -49. What is the remainder when (-4)/22 + q + (-12719)/(-77) is divided by 32?
29
Let y = 45 - 70. Let l = y - -42. What is the remainder when l is divided by (-2)/(3/(-3*3))?
5
Let x(h) = h**2 + 2*h - 17. Suppose n - 6 = 10. Calculate the remainder when x(-10) is divided by n.
15
Suppose -69 = -4*c + l, 8*l + 24 = c + 10*l. Calculate the remainder when 57 is divided by c.
3
Let h be 11 + -6 - (-1 + 4). Suppose 23*g = 24*g - h. Let c(q) = -q**3 + 2*q**2 + q. What is the remainder when g is divided by c(2)?
0
Let j = -121 + 179. Calculate the remainder when 114 is divided by j.
56
Let u = -1 + 16. Let b = -7 + u. Let l = 11 - b. What is the remainder when l is divided by 2?
1
Suppose -5*t + 77 = 2*t. Suppose 2*h - 4 = -0*h. Suppose 0 = h*w + w - 126. What is the remainder when w is divided by t?
9
Let i = 371 - 147. Calculate the remainder when i is divided by 9.
8
Let m(s) = 88*s + 769. What is the remainder when 93 is divided by m(-8)?
28
Let d be ((-1)/(-1))/((-2)/154). Suppose b - 128 = -0*b - 3*x, 5*x = -3*b + 384. Let m = b + d. What is the remainder when m is divided by 18?
15
Let m be (-2 + (-21)/(